{"id":95,"date":"2020-07-03T15:11:00","date_gmt":"2020-07-03T13:11:00","guid":{"rendered":"https:\/\/luciogolino.wordpress.com\/?page_id=95"},"modified":"2021-04-01T14:42:17","modified_gmt":"2021-04-01T12:42:17","slug":"vortrage","status":"publish","type":"page","link":"https:\/\/lucio.golino.eu\/it\/vortrage\/","title":{"rendered":"Lezioni"},"content":{"rendered":"<ul class=\"wp-block-list\"><li>2020 &#8211; Vienna e Salisburgo, relazioni culturali fra due centri culturali e politici nel XVIII sec. (diretta online, Schola gregoriano-polifonica bolognese)<\/li><li>2020 &#8211; Criteri storici per la ricerca del &#8222;giusto movimento&#8220; nella musica del &#8218;700 (diretta online, Accademia musicale &#8222;Vox cordis&#8220;)<\/li><li>2020 &#8211; Joh. Seb. Bach: Die Hohe Messe (\u00d6sterreichisches Bundesministerium f\u00fcr Bildung, Wissenschaft und Forschung)<\/li><li>2019 &#8211; Musik und Antike (\u00d6sterreichisches Bundesministerium f\u00fcr Bildung, Wissenschaft und Forschung)<\/li><li>2018 &#8211; Il Requiem Kv 626 di W.A. Mozart: fra leggenda e verit\u00e0 (Conservatorio E.F. Dall&#8217;Abaco, Verona)<\/li><li>2018 &#8211; Musik als Rede (\u00d6sterreichisches Bundesministerium f\u00fcr Bildung, Wissenschaft und Forschung)<\/li><li>2017 &#8211; Mendelssohn und die &#8222;Alte Musik&#8220; (\u00d6sterreichisches Bundesministerium f\u00fcr Bildung, Wissenschaft und Forschung)<\/li><li>2016 &#8211; Il Requiem Kv 626 di Mozart, storia ed analisi (Corale &#8222;Santa Cecilia&#8220;, Maderno, Bs)<\/li><li>2016 &#8211; Die Kantate BWV 106 von Johann Sebastian Bach, gechichte, Analyse (\u00d6sterreichisches Bundesministerium f\u00fcr Bildung, Wissenschaft und Forschung)<\/li><li>2015 &#8211; &#8222;Die ewige Modernit\u00e4t&#8220; in Claudio Monteverdis Musik (\u00d6sterreichisches Bundesministerium f\u00fcr Bildung, Wissenschaft und Forschung)<\/li><li>2014 &#8211; Schubert und Bruckner: zwei \u00f6sterreichische Komponisten im Vergleich (\u00d6sterreichisches Bundesministerium f\u00fcr Bildung, Wissenschaft und Forschung)<\/li><li>2014 &#8211; Mozart-Requiem, Geschichte, Analyse (\u00d6sterreichisches Bundesministerium f\u00fcr Bildung, Wissenschaft und Forschung)<\/li><li>2013 &#8211; Rossini e und die Kirchernmusik im Italien des 19. Jh. (\u00d6sterreichisches Bundesministerium f\u00fcr Bildung, Wissenschaft und Forschung)<\/li><li>2011 &#8211; Il Requiem Kv 262 di W. A. Mozart, storia ed analisi (Corale &#8222;Ecclesia Nova&#8220;, Bosco Chiesanuova)<\/li><\/ul>","protected":false},"excerpt":{"rendered":"<p>2020 &#8211; Vienna e Salisburgo, relazioni culturali fra due centri culturali e politici nel XVIII sec. (diretta online, Schola gregoriano-polifonica bolognese) 2020 &#8211; Criteri storici per la ricerca del &#8222;giusto movimento&#8220; nella musica del &#8218;700 (diretta online, Accademia musicale &#8222;Vox cordis&#8220;) 2020 &#8211; Joh. Seb. Bach: Die Hohe Messe (\u00d6sterreichisches Bundesministerium f\u00fcr Bildung, Wissenschaft und &hellip; <a href=\"https:\/\/lucio.golino.eu\/it\/vortrage\/\" class=\"more-link\">Continua a leggere <span class=\"screen-reader-text\">Lezioni<\/span><\/a><\/p>","protected":false},"author":1,"featured_media":37,"parent":0,"menu_order":0,"comment_status":"closed","ping_status":"closed","template":"page-templates\/full-width-page.php","meta":{"footnotes":""},"class_list":["post-95","page","type-page","status-publish","has-post-thumbnail","hentry"],"jetpack_sharing_enabled":false,"_links":{"self":[{"href":"https:\/\/lucio.golino.eu\/it\/wp-json\/wp\/v2\/pages\/95","targetHints":{"allow":["GET"]}}],"collection":[{"href":"https:\/\/lucio.golino.eu\/it\/wp-json\/wp\/v2\/pages"}],"about":[{"href":"https:\/\/lucio.golino.eu\/it\/wp-json\/wp\/v2\/types\/page"}],"author":[{"embeddable":true,"href":"https:\/\/lucio.golino.eu\/it\/wp-json\/wp\/v2\/users\/1"}],"replies":[{"embeddable":true,"href":"https:\/\/lucio.golino.eu\/it\/wp-json\/wp\/v2\/comments?post=95"}],"version-history":[{"count":2,"href":"https:\/\/lucio.golino.eu\/it\/wp-json\/wp\/v2\/pages\/95\/revisions"}],"predecessor-version":[{"id":296,"href":"https:\/\/lucio.golino.eu\/it\/wp-json\/wp\/v2\/pages\/95\/revisions\/296"}],"wp:featuredmedia":[{"embeddable":true,"href":"https:\/\/lucio.golino.eu\/it\/wp-json\/wp\/v2\/media\/37"}],"wp:attachment":[{"href":"https:\/\/lucio.golino.eu\/it\/wp-json\/wp\/v2\/media?parent=95"}],"curies":[{"name":"wp","href":"https:\/\/api.w.org\/{rel}","templated":true}]}}

<ul class="wp-block-list"><li>2020 &#8211; Vienna e Salisburgo, relazioni culturali fra due centri culturali e politici nel XVIII sec. (diretta online, Schola gregoriano-polifonica bolognese)</li><li>2020 &#8211; Criteri storici per la ricerca del &#8222;giusto movimento&#8220; nella musica del &#8218;700 (diretta online, Accademia musicale &#8222;Vox cordis&#8220;)</li><li>2020 &#8211; Joh. Seb. Bach: Die Hohe Messe (Österreichisches Bundesministerium für Bildung, Wissenschaft und Forschung)</li><li>2019 &#8211; Musik und Antike (Österreichisches Bundesministerium für Bildung, Wissenschaft und Forschung)</li><li>2018 &#8211; Il Requiem Kv 626 di W.A. Mozart: fra leggenda e verità (Conservatorio E.F. Dall&#8217;Abaco, Verona)</li><li>2018 &#8211; Musik als Rede (Österreichisches Bundesministerium für Bildung, Wissenschaft und Forschung)</li><li>2017 &#8211; Mendelssohn und die &#8222;Alte Musik&#8220; (Österreichisches Bundesministerium für Bildung, Wissenschaft und Forschung)</li><li>2016 &#8211; Il Requiem Kv 626 di Mozart, storia ed analisi (Corale &#8222;Santa Cecilia&#8220;, Maderno, Bs)</li><li>2016 &#8211; Die Kantate BWV 106 von Johann Sebastian Bach, gechichte, Analyse (Österreichisches Bundesministerium für Bildung, Wissenschaft und Forschung)</li><li>2015 &#8211; &#8222;Die ewige Modernität&#8220; in Claudio Monteverdis Musik (Österreichisches Bundesministerium für Bildung, Wissenschaft und Forschung)</li><li>2014 &#8211; Schubert und Bruckner: zwei österreichische Komponisten im Vergleich (Österreichisches Bundesministerium für Bildung, Wissenschaft und Forschung)</li><li>2014 &#8211; Mozart-Requiem, Geschichte, Analyse (Österreichisches Bundesministerium für Bildung, Wissenschaft und Forschung)</li><li>2013 &#8211; Rossini e und die Kirchernmusik im Italien des 19. Jh. (Österreichisches Bundesministerium für Bildung, Wissenschaft und Forschung)</li><li>2011 &#8211; Il Requiem Kv 262 di W. A. Mozart, storia ed analisi (Corale &#8222;Ecclesia Nova&#8220;, Bosco Chiesanuova)</li></ul>

<p>2020 &#8211; Vienna e Salisburgo, relazioni culturali fra due centri culturali e politici nel XVIII sec. (diretta online, Schola gregoriano-polifonica bolognese) 2020 &#8211; Criteri storici per la ricerca del &#8222;giusto movimento&#8220; nella musica del &#8218;700 (diretta online, Accademia musicale &#8222;Vox cordis&#8220;) 2020 &#8211; Joh. Seb. Bach: Die Hohe Messe (Österreichisches Bundesministerium für Bildung, Wissenschaft und &hellip; <a href="https://lucio.golino.eu/it/vortrage/" class="more-link">Continua a leggere <span class="screen-reader-text">Lezioni</span></a></p>
