{"id":45,"date":"2017-03-27T08:35:10","date_gmt":"2017-03-27T06:35:10","guid":{"rendered":"https:\/\/luciogolino.wordpress.com\/?page_id=3"},"modified":"2022-06-24T11:05:27","modified_gmt":"2022-06-24T09:05:27","slug":"ueber","status":"publish","type":"page","link":"https:\/\/lucio.golino.eu\/it\/ueber\/","title":{"rendered":"A proposito di Lucio Golino"},"content":{"rendered":"<p class=\"wp-block-paragraph\">Lucio Golino si \u00e8 formato a Bolzano in un ambiente plurilingue. Dopo essersi diplomato in clarinetto presso il Conservatorio di quella citt\u00e0, ha studiato Composizione a Trento, diplomandosi oltre che in quella stessa disciplina,anche in Musica corale ed in Strumentazione per banda. Ha svolto gli studi di specializzazione in Direzione d'orchestra e Direzione di coro, diplomandosi presso l'Universit\u00e4t f\u00fcr Musik und darstellende Kunst di Vienna. <\/p>\n\n\n\n<p class=\"wp-block-paragraph\"><a href=\"https:\/\/lucio.golino.eu\/it\/ueber\/diplome\/\">Diplomi e lauree musicali<\/a><\/p>\n\n\n\n<p class=\"wp-block-paragraph\">Von 1996 bis 2003 war er bei den Wiener S\u00e4ngerknaben als Dirigent und Kapellmeister engagiert und f\u00fchrte diesen weltber\u00fchmten Chor erfolgreich durch zahlreiche Tourneen im In- und Ausland. Im Rahmen dieser Tourneen dirigierte Lucio Golino die Wiener S\u00e4ngerknaben bei Konzerten in der New Yorker Carnegie Hall, in Boston, San Francisco, Los Angeles, Kansas City, Baltimore, Detroit und Chicago sowie in Toronto, Montreal, in  der Philharmonie Berlin, im Gewandhaus von Leipzig, im Wiener Musikverein und in den Kulturmetropolen Europas. Zu nennen sind hier Mailand, Paris, Madrid, Barcelona, Monaco, K\u00f6ln, Dresden, Dublin und Liverpool. Last but not least&nbsp; f\u00fchrte Lucio Golino die Wiener S\u00e4ngerknaben durch Tourneen in S\u00fcdafrika (Kapstadt, Durban, Johannesburg, Pretoria) und Japan (Tokyo, Yokosuka, Nagoya, Osaka, Kyoto und Yokohama).  Vor seiner T\u00e4tigkeit als Dirigent und Kapellmeister der Wiener S\u00e4ngerknaben dirigierte Lucio Golino au\u00dferdem eine Vielzahl an Orchesterproduktionen, die in einem Konzert mit dem Radio Symphonie Orchester Wien gipfelte.<\/p>\n\n\n\n<p class=\"wp-block-paragraph\">Von 2005 bis 2021 leitete Lucio Golino den Kinder- und Jugendchor der Volksoper-Wien. Dar\u00fcber hinaus betreut er immer wieder in Wien und Norditalien Masterclasses und Vortr\u00e4ge zu verschiedensten musikhistorischen und auff\u00fchrungspraktischen Themen.<\/p>\n\n\n\n<p class=\"wp-block-paragraph\">Seit 2017 hat er den &#8222;Neuen-Jugendchor-Wien&#8220; gegr\u00fcndet: ein reines M\u00e4dchenensemble, dessen Ziel ist, Freude am vokalen Musizieren und gleichzeitig die musikalische bzw. Pers\u00f6nlichkeitsbildung der Mitgliederinnen zu f\u00f6rdern.<\/p>","protected":false},"excerpt":{"rendered":"<p>I dati biografici pi\u00f9 importanti di Lucio Golino<\/p>","protected":false},"author":1,"featured_media":32,"parent":0,"menu_order":1,"comment_status":"closed","ping_status":"closed","template":"page-templates\/full-width-page.php","meta":{"footnotes":""},"class_list":["post-45","page","type-page","status-publish","has-post-thumbnail","hentry"],"jetpack_sharing_enabled":false,"_links":{"self":[{"href":"https:\/\/lucio.golino.eu\/it\/wp-json\/wp\/v2\/pages\/45","targetHints":{"allow":["GET"]}}],"collection":[{"href":"https:\/\/lucio.golino.eu\/it\/wp-json\/wp\/v2\/pages"}],"about":[{"href":"https:\/\/lucio.golino.eu\/it\/wp-json\/wp\/v2\/types\/page"}],"author":[{"embeddable":true,"href":"https:\/\/lucio.golino.eu\/it\/wp-json\/wp\/v2\/users\/1"}],"replies":[{"embeddable":true,"href":"https:\/\/lucio.golino.eu\/it\/wp-json\/wp\/v2\/comments?post=45"}],"version-history":[{"count":7,"href":"https:\/\/lucio.golino.eu\/it\/wp-json\/wp\/v2\/pages\/45\/revisions"}],"predecessor-version":[{"id":457,"href":"https:\/\/lucio.golino.eu\/it\/wp-json\/wp\/v2\/pages\/45\/revisions\/457"}],"wp:featuredmedia":[{"embeddable":true,"href":"https:\/\/lucio.golino.eu\/it\/wp-json\/wp\/v2\/media\/32"}],"wp:attachment":[{"href":"https:\/\/lucio.golino.eu\/it\/wp-json\/wp\/v2\/media?parent=45"}],"curies":[{"name":"wp","href":"https:\/\/api.w.org\/{rel}","templated":true}]}}

<p class="wp-block-paragraph">Lucio Golino si è formato a Bolzano in un ambiente plurilingue. Dopo essersi diplomato in clarinetto presso il Conservatorio di quella città, ha studiato Composizione a Trento, diplomandosi oltre che in quella stessa disciplina,anche in Musica corale ed in Strumentazione per banda. Ha svolto gli studi di specializzazione in Direzione d'orchestra e Direzione di coro, diplomandosi presso l'Universität für Musik und darstellende Kunst di Vienna. </p>



<p class="wp-block-paragraph"><a href="https://lucio.golino.eu/it/ueber/diplome/">Diplomi e lauree musicali</a></p>



<p class="wp-block-paragraph">Von 1996 bis 2003 war er bei den Wiener Sängerknaben als Dirigent und Kapellmeister engagiert und führte diesen weltberühmten Chor erfolgreich durch zahlreiche Tourneen im In- und Ausland. Im Rahmen dieser Tourneen dirigierte Lucio Golino die Wiener Sängerknaben bei Konzerten in der New Yorker Carnegie Hall, in Boston, San Francisco, Los Angeles, Kansas City, Baltimore, Detroit und Chicago sowie in Toronto, Montreal, in  der Philharmonie Berlin, im Gewandhaus von Leipzig, im Wiener Musikverein und in den Kulturmetropolen Europas. Zu nennen sind hier Mailand, Paris, Madrid, Barcelona, Monaco, Köln, Dresden, Dublin und Liverpool. Last but not least&nbsp; führte Lucio Golino die Wiener Sängerknaben durch Tourneen in Südafrika (Kapstadt, Durban, Johannesburg, Pretoria) und Japan (Tokyo, Yokosuka, Nagoya, Osaka, Kyoto und Yokohama).  Vor seiner Tätigkeit als Dirigent und Kapellmeister der Wiener Sängerknaben dirigierte Lucio Golino außerdem eine Vielzahl an Orchesterproduktionen, die in einem Konzert mit dem Radio Symphonie Orchester Wien gipfelte.</p>



<p class="wp-block-paragraph">Von 2005 bis 2021 leitete Lucio Golino den Kinder- und Jugendchor der Volksoper-Wien. Darüber hinaus betreut er immer wieder in Wien und Norditalien Masterclasses und Vorträge zu verschiedensten musikhistorischen und aufführungspraktischen Themen.</p>



<p class="wp-block-paragraph">Seit 2017 hat er den &#8222;Neuen-Jugendchor-Wien&#8220; gegründet: ein reines Mädchenensemble, dessen Ziel ist, Freude am vokalen Musizieren und gleichzeitig die musikalische bzw. Persönlichkeitsbildung der Mitgliederinnen zu fördern.</p>

<p>I dati biografici più importanti di Lucio Golino</p>
